-4*f - f = 0. Let b = f + 8. List the prime factors of 295/20 - (-2)/b.
3, 5
Let s(y) = -y**3 + 9*y**2 + y - 6. Let f = -22 + 31. Let w be s(f). Suppose -w*n - 3*p = -24, n - p - 5 = 11. List the prime factors of n.
2, 3
Suppose 2*r - 11 = -o, 4*o + 5*r = -0*o + 59. List the prime factors of o.
3, 7
Suppose 6 = -0*x + 2*x. Suppose 0*m + 45 = x*m. List the prime factors of m.
3, 5
What are the prime factors of 39/5 + 4/(-5)?
7
Suppose -4*d + 3*d + 3*z + 14 = 0, 0 = -5*d - z + 38. Suppose 0*g + d = g. Let f = g - 2. What are the prime factors of f?
2, 3
Let b(d) = 3*d**2 + 3*d + 13. What are the prime factors of b(-5)?
73
Suppose -4*m + 8 = -0*m. Suppose -3*r - 30 = 2*r. List the prime factors of 1/m - 21/r.
2
Let k be 2/(-11) - (-114)/22. Suppose 0 = k*f - 7 - 13. What are the prime factors of f?
2
Suppose -384 = -2*y + 4*w, 986 = 6*y - y + 3*w. List the prime factors of y.
2, 7
Let i be 0 - 4/(4/(-3)). Let k be -1*(i - 2 - 0). What are the prime factors of (-22)/2*(-2 - k)?
11
Let l be 296/10 + (-6)/(-15). Suppose 36 = 2*h + d, 4*h - l = 2*d + 58. Suppose -h = -s - 3*s. What are the prime factors of s?
5
Let k = 161 + -22. List the prime factors of k.
139
Suppose 108 = 4*j - 20. What are the prime factors of j?
2
Let m = 10 - 6. Suppose -48 - 20 = -m*j. List the prime factors of j.
17
Suppose -3*n = -57 - 120. What are the prime factors of n?
59
Let x be 77/22*4/7. List the prime factors of (x + -2)/(-1) + 47.
47
Let p(r) = 6*r - 69. What are the prime factors of p(20)?
3, 17
Let q(y) be the first derivative of 5*y**4/24 - y**3/2 + y**2 + 1. Let h(j) be the second derivative of q(j). List the prime factors of h(3).
2, 3
Suppose 0 = 4*y + 4*s - 116, 0*y + 2*y - 59 = -s. What are the prime factors of y?
2, 3, 5
Let r = 16 - 9. Let k = 43 - r. What are the prime factors of k?
2, 3
Let r be 2/2 + 8/4. Suppose 8 = -2*d - r*f - 3, -3*d = -3*f - 6. List the prime factors of d/((-2)/(10 - 0)).
5
Let l be ((-3)/(-5))/(5/25). Let h = l + -1. Suppose 0 = -2*r + 10, -5*r = o + h*o - 52. List the prime factors of o.
3
Suppose -5*m = -7 + 2. What are the prime factors of (40/(-8))/(-2 + m)?
5
List the prime factors of 53*(-3)/(-6)*2.
53
Let i = -29 - -11. Let z be i/(-4)*2 - 3. Suppose -z*r - 7 = -3*k - 4*r, 4*k = -3*r + 15. List the prime factors of k.
3
Let k be (4/(-3))/((-4)/18). Let g be 12/18*k/2. Suppose g*j - 9 = 3. What are the prime factors of j?
2, 3
Let m = 13 - 8. Suppose 0*i = -2*d - 2*i + 48, -d = -m*i + 6. What are the prime factors of d?
19
Suppose -4*k - 5*c - 14 = -247, 0 = 5*k + 2*c - 287. Suppose 2 = -4*s - 2*f, 0 = -4*s + 2*f + 3*f + 33. Suppose -a - s*a = -k. List the prime factors of a.
19
Suppose 94 + 227 = 3*m. List the prime factors of m.
107
Suppose -4*d + 7*d - 141 = 0. Let r = d - 30. Let c = -6 + r. What are the prime factors of c?
11
Suppose 3*g = -2*g + 2*f + 117, -2*g - 3*f + 43 = 0. Let s = -14 + g. What are the prime factors of s?
3
Suppose -2*n + 3*i + 120 = -22, 3*n = -4*i + 213. List the prime factors of n.
71
Suppose -2*l - 3*q + 138 = 0, -2*l + l + 69 = -4*q. What are the prime factors of l?
3, 23
Suppose q - 88 = -4*x, q - x = -2*x + 97. Suppose 0 = 4*a - 6*a + 4*y + 72, -4*y = -3*a + q. What are the prime factors of a?
2, 7
Let p be 1/(46/48 + -1). Let f = p + 42. What are the prime factors of f?
2, 3
Let s(q) = 4*q - 8. Suppose 19 + 7 = v + 5*j, -4 = -j. List the prime factors of s(v).
2
Let m be (-29)/2*(-2 + -2). Let l = -17 + m. List the prime factors of l.
41
Let z(n) = 0*n**2 + n**2 - 2*n - 4 + 0*n**2 + 7. List the prime factors of z(6).
3
Suppose -34 = -o + 3*x, -5*o = -4*o + 5*x - 34. What are the prime factors of o?
2, 17
Let b = -4 + 7. Suppose 23 - b = 4*l, -3*j + 4*l + 322 = 0. What are the prime factors of (-2)/5 + j/10?
11
Suppose -2*f = -2*u + 2, -2*u - 6 = -4*f - 2. Suppose -z - x + 34 = u*x, 2*z + 2*x - 28 = 0. Let n = z + -2. List the prime factors of n.
7
Let f be (-4)/(-14) - (-26)/7. Suppose -f*r + r + 42 = 0. List the prime factors of r.
2, 7
Suppose 0 = -2*t - 2*t + 24. What are the prime factors of (-18)/(-3)*t/4?
3
Let u(g) = -g + 2. Let m be u(0). Suppose -m*a + 6 = -24. What are the prime factors of a?
3, 5
List the prime factors of 3*6/(-36)*-270.
3, 5
Suppose -310 = f - 6*f. Suppose 58 = 3*o - f. What are the prime factors of o?
2, 5
Let j = 5 - 2. Suppose -108 = -j*p - 9. List the prime factors of p.
3, 11
List the prime factors of -6*(501/(-9) - 6).
2, 5, 37
Suppose -5*g + 17 = 3*f - 28, 5*f - 2*g = 75. Let z = 0 + 0. Let i = f + z. List the prime factors of i.
3, 5
Suppose 18*r = 19*r - 16. List the prime factors of r.
2
Let k(d) = -7*d - 10. List the prime factors of k(-6).
2
Let w = 9 - 6. Let z be w + (1 - 4 - -6). Suppose q - z = -4. What are the prime factors of q?
2
Let o(x) = -x + 4. Let z be o(4). Let b be 5 + -2 + z + 3. Let c(a) = 2*a - 2. What are the prime factors of c(b)?
2, 5
Let k be ((-8)/(-6))/((-3)/(-9)). Suppose -d + 68 = -5*b, 0 = 5*d - 3*b + b - 225. Suppose 3 = -k*x + d. What are the prime factors of x?
2, 5
Suppose 0*g + k + 27 = 5*g, 0 = 2*g - 5*k + 3. Suppose -w + 2*w - 4*h + g = 0, 12 = -2*w + 3*h. Let m = w + 15. List the prime factors of m.
3
Suppose 0 = -q - 3*q + 5*h + 27, -12 = -2*q + 4*h. Let z = q - -1. List the prime factors of z.
3
Let h be (27/3)/(2 - 3). Suppose -t + 2*t - 13 = 0. Let b = t + h. What are the prime factors of b?
2
Let q(j) = j**2 - j + 15. Let k be q(0). Suppose -k = -4*p - 3. Suppose -p - 9 = -4*i. List the prime factors of i.
3
Let w be 22/8*(-1 + -3). Let x = 16 + w. List the prime factors of 3*x*(-6)/(-9).
2, 5
Suppose -17 = -3*m + 124. List the prime factors of m.
47
Let n be ((-450)/(-21))/(3/21). Suppose -5*j = -v - 170, -4*j + n = v + 14. List the prime factors of j.
2, 17
Let i(a) = -a**3 - 5*a**2 + 7*a - 4. Let w be i(-6). Let s be w/45 + (-94)/(-18). Suppose u = -3*r - 3, 2*u + 11 = u - s*r. List the prime factors of u.
3
Let i(w) = -3 + w**2 + 4 + 2*w**2. Let y be i(-2). Let o = y - 7. List the prime factors of o.
2, 3
Let r(k) = -k**3 + 22*k**2 + 8*k + 39. List the prime factors of r(22).
5, 43
List the prime factors of (-2)/(-1 - (-30)/31).
2, 31
Suppose -7*q + 3*q + 80 = 0. Suppose -5*b = -4*a + q, 4*b + 2*a - a = 5. List the prime factors of (0 - -3) + 1 + b.
2
Let q(k) = -63*k + 49. Let x(h) = 8*h - 6. Let j(p) = 6*q(p) + 49*x(p). Let s be j(2). List the prime factors of 2/7 - (-244)/s.
3
Let q be 85/20 - (-1)/(-4). List the prime factors of (-38)/(-4) + (-6)/q.
2
Suppose 0 = -3*n - 2*n - 70. What are the prime factors of 8/(-28) - 116/n?
2
Suppose -h + 5*h = -72. Let g = -7 - h. List the prime factors of g.
11
Suppose -4*c + 2*g + 613 = -201, -5*c + 1013 = -4*g. What are the prime factors of c?
5, 41
Suppose 4*d = 3*y + 62, 2*d + 0*d + 2*y - 38 = 0. What are the prime factors of d?
17
Let i = 14 + 15. List the prime factors of i.
29
Let d be (-239)/(-6) - 3/(-18). Suppose d = -0*z + 5*z. List the prime factors of z.
2
Let i(q) = -5*q - 8*q + 12*q + 38*q**3. List the prime factors of i(1).
37
Suppose -20 = -4*m - 0*c + 4*c, 0 = -4*m + 2*c + 18. Suppose m = k + k. List the prime factors of (-1)/(-3)*(k + 19).
7
Let r = -146 + 209. Suppose 2*d + 3*s - r = -17, -5*d - 5*s = -120. What are the prime factors of d?
2, 13
Suppose 0*g = -w + g + 25, -w + 31 = -4*g. Suppose 0 = 5*m + u - 34, 0 = -5*m - 2*u - w + 56. What are the prime factors of m?
7
Let y = -35 + 50. List the prime factors of y.
3, 5
Suppose x + 234 = 3*x. List the prime factors of x.
3, 13
Let h be -9 - 0/(-2 + -1). Let s = h - -9. Suppose 5*b + v = 42, s*b = 4*b - 5*v - 51. List the prime factors of b.
3
Suppose -18 = 4*i - 150. Let y = i - 8. What are the prime factors of y?
5
Let f(n) = n. Let r(o) = 8*o - 1. Let i(j) = 2*j - 4. Let l be i(3). Let s(z) = l*f(z) - r(z). List the prime factors of s(-1).
7
Let o(y) = -y**2 + 13*y + 13. What are the prime factors of o(10)?
43
Let m(b) = -b**3 - 4*b**2 - 3*b + 2. Let y be m(-3). Suppose -y*p - 2 = -20. List the prime factors of p.
3
What are the prime factors of -41*(-3)/(0 - -3)?
41
Suppose -10 = -n - 4*p, -5*n = 3*p + 9 + 9. Let s(i) = -i**3 - 7*i**2 - 9*i - 9. List the prime factors of s(n).
3
Suppose -13 - 7 = -4*j. Let o = 8 - j. Suppose 2*w + 3*u - 10 = 5, -5*w = -4*u - o. List the prime factors 